o. Is a a multiple of 4?
True
Let w = -12 - -86. Is w a multiple of 26?
False
Suppose 5*o - 5*c = 7*o + 27, 0 = 2*o + 3*c + 29. Let a = 25 + o. Is 9 a factor of a?
True
Let a(g) = 9*g**2 + 7 + 2*g**3 + 3*g**2 + g - 3*g**3. Does 5 divide a(12)?
False
Let h(u) = -6*u**3 - u**2 + 3*u + 1. Is 23 a factor of h(-2)?
False
Suppose -4*q - 20 = -2*u, 5*q + 8 = u - 5. Let n(s) = -s**3 + 10*s**2 - 6*s - 13. Is 18 a factor of n(u)?
False
Let i(c) be the second derivative of -4*c**3/3 - c**2/2 + c. Let u = 4 + -8. Is 16 a factor of i(u)?
False
Let w be -3 - ((-756)/4 + -4). Suppose 5*o = 2*m + w, -4*o + m + 62 = -93. Is o a multiple of 20?
True
Suppose 0 = 6*u - 5*u. Suppose u = 8*t - 7*t - 51. Is 17 a factor of t?
True
Suppose -2*n - 12 = -6*n. Let y(q) = -q - 10*q - q - n - 7*q. Does 27 divide y(-3)?
True
Suppose -t + 67 = -3*w, t + w = 52 + 3. Is t a multiple of 29?
True
Is 2868/60 - 1/(-5) a multiple of 17?
False
Suppose -5*n + 49 = -0*n + 3*o, 0 = n - 5*o + 7. Suppose -3*k - 65 = -n*k. Is 10 a factor of k?
False
Let t = -12 - -16. Suppose -2*c - 5*w = -87, 189 = t*c + 2*w + 3*w. Does 17 divide c?
True
Suppose -4*p + 4 - 16 = 0. Let x be (-2)/8 + p/(-12). Suppose x = -5*k + 6 + 114. Is 12 a factor of k?
True
Suppose 0*p + 2*p - 50 = 0. Suppose 55 = -6*i + i. Let v = p + i. Does 7 divide v?
True
Let w(h) = -h**2 + 4 - h + 3*h - 5. Let d be w(2). Let l(k) = -10*k + 1. Is 7 a factor of l(d)?
False
Let h(c) = -c**2 - c + 3. Let x be h(0). Let r = x + 14. Is 5 a factor of r?
False
Let v(z) = z**2 - 2*z - 6. Let m be v(4). Let l(h) = -h**3 + h**2 - 1. Let o(q) = 8*q**3 - 12*q**2 + 11. Let i(c) = -22*l(c) - 2*o(c). Does 19 divide i(m)?
False
Suppose 0 = -4*i, 3*i = -3*s + 7*i + 18. Let k = 9 - s. Suppose -u + 22 = 4*v, u - k*v = 5 + 3. Is 13 a factor of u?
False
Is 2 a factor of 1/(-2) + (-125)/(-10)?
True
Suppose -5*n + 6 = -2*f - 8, 0 = -3*n + f + 9. Suppose n*l - 2*l - 80 = 0. Does 20 divide (-1)/(-1) - (1 - l)?
True
Suppose 5*g + 3 = 2*g, 3*p - 5*g = 386. Is p a multiple of 27?
False
Suppose y + r = 187 + 164, -2*r + 1412 = 4*y. Is y a multiple of 33?
False
Let o be (-2)/(-6) + 2/(-6). Suppose -5*k + 60 = -o*k. Is 4 a factor of k?
True
Is 6 a factor of (-30)/40*(-1 - 23)?
True
Let q be (54/4)/(1/8). Let b = -74 + q. Does 17 divide b?
True
Let z = 0 - -2. Suppose -3*a + 16 = -5*a + 4*t, z*t - 18 = -4*a. Suppose -u + 4*u - w - 69 = 0, -w - 46 = -a*u. Does 12 divide u?
False
Suppose -6 = -4*x + 10. Suppose -6*l + 76 = -x*l. Does 19 divide l?
True
Let z(a) = -35*a - 33. Does 15 divide z(-6)?
False
Let m(c) = -c**2 + 6*c + 9. Let n = -7 - -14. Let o be m(n). Suppose 0 = o*g + g - 42. Is g a multiple of 14?
True
Is (64/(-10))/((-6)/30) a multiple of 10?
False
Let h(r) = -r**2 + 3*r - 1. Let v(p) = p**2 + p + 1. Let b(i) = h(i) + 2*v(i). Let x be b(-5). Is 92/10 + x/(-5) a multiple of 9?
True
Let h(p) be the second derivative of p**5/20 + 2*p**4/3 + 2*p**3/3 - 5*p**2/2 + 10*p. Suppose -y - 3*v + 5 = -0*v, 27 = -y + 5*v. Does 16 divide h(y)?
True
Let v(y) = 130*y**2 - 2*y + 3. Does 21 divide v(1)?
False
Let i = -72 + 104. Suppose 3*p - p = i. Does 8 divide p?
True
Suppose 3*p - 4 = 4*y, p - 10 = -0*p - 3*y. Suppose p*b - 5*u = 45, 9*b - 87 = 4*b - 4*u. Is 15 a factor of b?
True
Suppose 4*d - 16 = 0, 4*q + 0*d + 2*d = 576. Is q a multiple of 21?
False
Suppose 2*b + 4*r - 14 = 0, -5*b + 6 = 3*r - 1. Is -1 - (-2 - b) - -7 a multiple of 3?
False
Suppose 3*a = -3*o + 5*a, 0 = 2*o - 2*a + 2. Suppose -12 = 4*w, o*l + 3*w = 5*w - 4. Let m(r) = 2*r**2 + 4*r - 4. Is m(l) a multiple of 13?
True
Suppose -z - 3*z - 5*t + 3 = 0, z + 5*t = -18. Does 3 divide z?
False
Let j(c) = -3*c**3 - 9*c**2 + 3*c - 4. Let x(w) = w**3 + w + 1. Let p(a) = -j(a) - 4*x(a). Is 4 a factor of p(8)?
True
Let a = 106 + -64. Is a a multiple of 14?
True
Suppose -q + 0*q + 20 = 0. Does 6 divide q?
False
Is 1293/33 - ((-16)/22)/(-4) a multiple of 17?
False
Let x = 3 - 8. Let h = 5 + x. Suppose h = -t + 4. Is 3 a factor of t?
False
Let n(o) = o**3 - 10*o**2 + 13*o - 8. Is 6 a factor of n(9)?
False
Let b be 14/(-4) - (-3)/6. Does 5 divide 12 + (3/b - 1)?
True
Does 13 divide (-20)/130 - 652/(-13)?
False
Suppose n - 3*n - 2*d = -322, -656 = -4*n - d. Is n a multiple of 33?
True
Let w = 7 - 15. Let j = w - -13. Suppose -3*h = -3*p - 72 - 21, -j*h - 4*p + 146 = 0. Does 15 divide h?
True
Is (-2)/(-4)*(-348)/(-3) a multiple of 15?
False
Suppose 88 = -3*z + 5*t, 0*z - 36 = z - 3*t. Let m = z + 65. Does 13 divide m?
False
Let a(u) = 51*u**2 - 2*u - 3. Is 14 a factor of a(-3)?
True
Let k(r) = -7*r + 29. Is k(0) a multiple of 23?
False
Let u = 6 - 4. Let x be u*(-2)/4 - -3. Suppose -x*m + 50 = -22. Is m a multiple of 18?
True
Suppose -123 = b - 6*b + 2*w, 5*w = -4*b + 72. Let z = -6 + b. Is z a multiple of 5?
False
Let s = 576 + -292. Does 26 divide s?
False
Let x(c) be the second derivative of -c**5/20 + c**4/12 + 3*c**2/2 - c. Let r be x(0). Let h(a) = a**3 - a**2 + 4*a. Does 8 divide h(r)?
False
Let t = 25 + -21. Suppose 209 = t*f - 3*b, -5*b = -2*f - b + 92. Does 14 divide f?
True
Suppose 0 = 5*x - 3*a + 2*a - 29, -2*x + 4*a = -26. Is 2 a factor of x?
False
Suppose -3*y + 4 = -2*x - 0*x, 0 = -4*x + 3*y - 14. Let d(s) = s**3 + 7*s**2 + 2*s - 4. Let a be d(x). Let o = a - 20. Does 5 divide o?
False
Let m(s) = s**3 + 7*s**2 - 11*s + 4. Is 7 a factor of m(-8)?
True
Suppose -4*d - 225 = -9*d. Is d a multiple of 24?
False
Let z(k) be the second derivative of 0 + 1/3*k**3 + 2*k + 1/6*k**4 + 0*k**2. Is 6 a factor of z(2)?
True
Suppose d = 6*d - 90. Let u = 5 + d. Does 13 divide u?
False
Suppose -3*v + 204 = v. Let t = -35 + v. Does 8 divide t?
True
Suppose t + 23 = -5*j, 2*j = -5*t - 0*t. Suppose t*y = -2*y. Let m = 5 - y. Is m a multiple of 5?
True
Suppose 0 = 4*k - c - 16 - 1, -4*k - 5*c - 13 = 0. Suppose -k*h = -h. Suppose h = -2*s - s + 69. Is 12 a factor of s?
False
Suppose -2*w = d - 2 + 3, -3*w - d = 0. Suppose c - 82 = w. Does 25 divide c?
False
Does 2 divide 11 + (6 + (-6)/(-3) - 4)?
False
Let o(d) = d**2 - 12*d - 2. Let w be o(9). Let n = w + 92. Does 13 divide n?
False
Suppose -2*j - 114 = -3*z + 154, 3*j - 453 = -5*z. Is z a multiple of 18?
True
Let w be 6/(-4)*(-136)/3. Suppose -3*v + 4*v - 3*m - 32 = 0, -w = -4*v - 3*m. Let n = v - -16. Is n a multiple of 12?
True
Suppose 2 + 2 = 2*o. Let p be (-53)/(-5) + o/5. Suppose 4*r - d - 113 = 0, -d + 11 = r - p. Does 15 divide r?
False
Let w(q) = q**3 + 3*q**2 - 5*q - 2. Let j be w(-4). Is 13 a factor of 41/2 - j/(-4)?
False
Let n(m) = 2*m + 5 + 2*m**3 - 3 + 0*m**3 - 5*m**2. Does 10 divide n(3)?
False
Is 23 a factor of 184/(-32)*4/(-1)?
True
Let b be (12/(-9))/(1/(-18)). Suppose b = 4*s - 20. Let a = s + -4. Is 7 a factor of a?
True
Let i be 0/1 + (-3 - -6). Suppose -i*j - 2 = -j. Let n = 12 - j. Is 13 a factor of n?
True
Does 5 divide 1 + 22 - (1 + -2)?
False
Let a(i) be the second derivative of -i**6/180 - i**5/30 + i**4/6 + i. Let s(g) be the third derivative of a(g). Is 10 a factor of s(-6)?
True
Suppose -171 = -4*y + 3*u, -5*u - 210 = -4*y - y. Does 9 divide y?
True
Let g(j) = 5*j**2 + 2*j. Let i be g(2). Let y = -1 - -7. Let v = i - y. Does 9 divide v?
True
Let o(z) = -z + 4. Let a be o(-5). Suppose 4*u - a = -1. Suppose -20 = u*v - 3*v. Does 12 divide v?
False
Let g(u) = 2*u**2 - u + 1. Let b be g(1). Suppose -2*o = b*o - 144. Let k = o + -18. Does 15 divide k?
False
Let o be 1*4*162/24. Let v = 51 - o. Is 12 a factor of v?
True
Let q = -7 + 14. Let o = 4 - q. Is 9 a factor of ((-9)/(-4))/(o/(-24))?
True
Does 3 divide 758/26 + 2/(-13)?
False
Suppose -4*o + 13 + 3 = q, 4*o = -5*q + 32. Suppose 4 = o*y - 29. Is y a multiple of 4?
False
Suppose -5*b = -4*h - 40, -2*b - 63 = 5*h - 5*b. Let t = h - -5. Is 103/5 + t/(-25) a multiple of 21?
True
Suppose -4*b = -2*c - 40, 2*b - 23 - 1 = -c. Is b a multiple of 6?
False
Let w = -12 + 18. Does 6 divide (2/w)/(1/63)?
False
Let a = -162 - -318. Is a a multiple of 26?
True
Let v(w) be the second derivative of -w**5/20 - 5*w**4/12 - 5*w**3/6 - w. Let a = -6 - -2. Is v(a) a multiple of 4?
True
Let p(g) be the first derivative of 21*g**2/2 - 8*g - 9. Is p(4) a multiple of 19?
True
Suppose -5*n = -k + 3*k + 21, -3*n = -k + 17. Suppose -x + 3*r + 17 = -k*r, 0 = 3*x + 5*r + 9. Suppose -x*c = -3*a + 41, -a = -3*c - c - 17